+ (26 - 8) - (1 - (0 + 3))
8
What is -1 + (-10 - -3) - -4 - -7?
3
What is the value of 12 - (32 + -6 - 31)?
17
What is -10 - (-13 - (-3 + -5))?
-5
6 + (-49 - -53) - ((-3 - -1) + 13)
-1
Calculate -46 + (-4 - -29) + (-65 - -50).
-36
What is -4 + 2 + -15 - (-1 + -7 + 2)?
-11
What is the value of 2279 + -2295 - (-11 + -1 + 2)?
-6
Evaluate 3 + (-14 - -8) + 8 - 6.
-1
Calculate -19 + 4 + (25 - 20 - -4).
-6
What is the value of -6 + 2 + 6 + 0 + 7?
9
-12 + 5 + -3 + 7 + -4 - 4
-11
Calculate (3 - 2 - -4) + 4 + 2 + -1.
10
-4 + -17 + 11 + 11 + -8
-7
Calculate -1 + (-1 - -2) + (15 + -17 - 1).
-3
Calculate -23 - (-41 + 29 - 35).
24
Calculate (19 - 5) + -3 + -3.
8
What is the value of -49 - -1 - (78 + -111)?
-15
What is 23 - 4 - (-12 - -5)?
26
5 + 0 + (-5 - 7) + 3
-4
What is the value of 4 - ((27 - 34) + (4 - 1)) - 6?
2
Evaluate (2 - 4) + (37 - (2 + 25)).
8
Calculate -3 - (9 - (8 + 8)).
4
Calculate 15 - 14 - (2 + 2) - 11.
-14
Calculate 3 + (-16 + 3 - -10).
0
(-9 - 39) + 20 - -22
-6
What is the value of (4 + -14 + 4 - 0) + -7 + 0?
-13
Calculate -22 + 24 - (-1 + 1) - 12.
-10
Calculate 1 + 30 - (147 + -118).
2
What is the value of 3 + (-14 - -7) + -15?
-19
What is (-1 - -29) + -89 + 128 + -43?
24
Evaluate 13 + -4 + (0 - -7) + -11 - -21.
26
Evaluate 10 - (1 + 14 - 13).
8
What is the value of (0 - 5) + 7 + 4 - 12 - -16?
10
(-2 + 0 - -4) + -4 + 24 + -19
3
-5 + (4 - (-1 + -20))
20
(-18 - -2) + -579 + 623
28
What is the value of 5 + -56 - -17 - -16?
-18
What is 10 + -10 + (0 - -11)?
11
(-8 - 37) + (7 - -17)
-21
-19 + 14 + -14 + 21
2
Calculate -1 - (-1 + 11 + -17 + -5).
11
What is -15 - (8 + -1 + (1 - 0) - 1)?
-22
What is the value of -9 + 23 + -21 - (-1 - -1)?
-7
What is -25 + (1 - -3) - (-10 - -5 - 1)?
-15
What is -5 + (-8 - (-4 - 28))?
19
What is 16 - (19 - (17 + -9))?
5
-6 + -26 + -10 + 17
-25
What is 6 + 0 + (2 - 13) + 4?
-1
What is the value of 1 + 9 + (-13 - -6) - (3 - -15)?
-15
What is the value of (-14 + (-8 - -7) - (-7 + 2)) + -10?
-20
Evaluate 1 - (-6 + (26 - 13)).
-6
(8 + -1 + -22 - 5) + 11
-9
What is the value of (-1 - 24) + 13 + 1?
-11
What is the value of (-4 - 1) + 4 + -28 + 27?
-2
0 + (6 + (6 - 14) - 2)
-4
What is 1 + -4 + 1 + 3 - (203 + -203)?
1
5 + 6 + -25 + -13
-27
Evaluate -6 + -4 + 40 + -46 + 1 + 5.
-10
Calculate (4 - (-11 + 6)) + 10 + -4 + -4.
11
What is the value of -4 + (-7 - (2 - 7 - (0 + 11)))?
5
Evaluate 3 + (18 - 22) - (-3 + -2) - -6.
10
Evaluate -1702 - -1703 - (1 + -1 + 0 + -19).
20
-9 - (-6 - -2 - 5 - 5)
5
Evaluate 324 - 329 - (1 + -3 - -5 - -1).
-9
What is the value of 60 + -45 - (-1 - -38)?
-22
Evaluate (-24 + 47 - -5) + -15.
13
Evaluate 29 - 35 - (-38 - 8).
40
Calculate 2 + -5 - 8 - (-1 - 1).
-9
(2 - 4 - (42 + -27)) + 1
-16
Calculate 2 + -2 + 43 + -29 + -1.
13
(-19 - -19) + -19 + 28
9
What is 2 + -25 - (-33 - -42 - 9)?
-23
What is -9 + (22 - 0) + 102 + -101?
14
Evaluate -42 - (-4 + -13 + -1) - 16.
-40
Calculate (12 - (-8 + 25)) + 37 + -7.
25
Calculate (6 - 15) + ((-4 - -9) + -26 - 9).
-39
What is the value of -2 - (-15 - ((-7 - -13) + (-1 - 11)))?
7
Evaluate (-40 - (-29 + -38)) + 3.
30
(7 - 7) + 4 + -13 + -1 - 13
-23
Calculate -8 + 0 - (-65 + 54) - 10.
-7
-4 - (5 - ((1 - -6) + 27))
25
Evaluate (-1 + -3 - -8) + 485 + -477.
12
What is the value of -38 - 1 - -16 - (-6 + -3)?
-14
What is 21 + -28 + -22 + 34?
5
Evaluate 12 + (-1 - (21 - 23)).
13
What is 42 + -48 + 0 + 4 + 9?
7
Calculate -3 - 7 - 3 - 1.
-14
Evaluate -1 + (-1 - -37 - 58).
-23
Evaluate 2 + -6 + 5 + 0.
1
Evaluate -15 - -23 - 13 - (1 - -7).
-13
0 + -8 - (-3 + -2) - -4
1
What is the value of 11 + -17 + 8 + 1 - 11?
-8
Calculate 1 + -10 + (-32 + (41 - 19) - -47).
28
Evaluate (17 - 9 - 24) + 7.
-9
Calculate 5 - (-3 - 0) - (11 + 2 + 13).
-18
Calculate (-2 - -5) + 5 + (-1 - 10) + 3.
0
-14 + 24 + 8 + 4 + -12
10
Evaluate -2 - (-28 - ((5 - -6) + -6) - -6).
25
What is 2 - (4 - (-5 - -6)) - (52 + -54)?
1
What is (1 - (6 - 12)) + -9 + 2 + 23?
23
-1 - 1 - ((-4 - -38) + -53)
17
What is the value of 3 - (10 + -21 + 13)?
1
(-31 - -33) + (-2 - 9) - -1
-8
What is 18 + -1 + 7 + (-43 - -31)?
12
What is the value of -9 + 14 - (-21 + 38)?
-12
What is the value of -3 - (-8 + 10 + 3)?
-8
Calculate -29 + (-7 - -23) - -22.
9
What is the value of -4 + 3 + 7 - (21 - 26)?
11
Calculate 9 + (-4 + -12 - -18).
11
21 + 2 + -2 - (-64 + 70)
15
What is 24 + (-4 - 8 - 19) - (-17 + 1)?
9
Evaluate 14 + 12 + 13 + -39.
0
15 - (0 + (-2 - -5) - (177 - 179))
10
Evaluate -2 + 0 + (12 - 3) - 2.
5
(10 - (0 - -10 - (47 + -78))) + 5
-26
Calculate (3 + -22 - -12) + -1.
-8
What is the value of -14 + -16 + (4 - -39)?
13
What is the value of 13 + (21 - 10) + 14?
38
What is 30 - (-20 + (-8 - -31))?
27
-6 + 9 + (0 - -2) - -6
11
Calculate 11 - ((-24 - -9) + 45).
-19
Calculate -12 + 1 + 11 - (1 - 4).
3
Evaluate 6 + -26 + (-66 - -91).
5
What is 0 + 0 + 883 + -882?
1
Calculate -9 + (23 - 27) + -5.
-18
What is the value of 10 - (-5 - 0) - (-6 - -18)?
3
What is the value of (180 - 176) + (-1 + 3 - 0) + 1?
7
(4 - (-57 + 37)) + -17
7
Calculate (-2 - 21) + (130 - 115).
-8
What is 23 + (-2 - -6 - 12 - (7 - 10))?
18
What is (11 - (2 - 3 - 2)) + (-67 - -59)?
6
What is the value of (81 - (-44 + 144)) + (-1 - 1)?
-21
What is -23 - (-10 - 4) - 5?
-14
-33 + (4 - (2 - 7) - 4) + -6
-34
Calculate -5 + (-3 - 0) + (27 - 37) + 4.
-14
Evaluate 0 - 6 - -25 - 27.
-8
Calculate 12 + -41 + 12 - 2.
-19
Evaluate 15 - -1 - (11 - ((-35 - -19) + 35)).
24
What is the value of -32 + 15 + 27 - (2 + 14 + -3)?
-3
-21 + 27 + -11 + -3
-8
(-1 + 2 - (-2 + 8)) + (21 - -3)
19
Evaluate 5 + -14 + 4 + -1.
-6
Calculate -11 + (0 - 6 - (-39 - -34)) + 4.
-8
Calculate 1 + 4 + (-3 - (-2 + 0 - -13)).
-9
What is the value of -3 + 6 + (-13 - -5) + 5 - 12?
-12
11 + (-14 - 41) + 15
-29
Evaluate 8 - (3 - (12 - (-8 + 14))).
11
What is the value of -10 + (-3 - ((4 - 3) + -11 - -4))?
-7
What is the value of (14 + -30 - 20) + 23?
-13
Evaluate (20 - 8) + -30 - -23.
5
Calculate 6 + -8 - 4 - (5 - -4).
-15
3 - 0 - (-10 + (8 - 4) + 7)
2
Evaluate 7 - (2 + (-8 - 0 - -7)).
6
What is 1 - ((29 - (33 + -6)) + (1 - 12))?
10
Calculate 12 - (34 + -22 - -24).
-24
Evaluate (8 - (-6 - -12)) + (-31 - -40).
11
Evaluate 27 + -15 - 18 - (7 + (0 - 0)).
-13
What is -13 + (8 - 4) + 2 - (1 - 26)?
18
What is the value of 12 - (-18 - -18 - (3 - 0))?
15
Evaluate 6 + 1 + (-8 + 0 - 8).
-9
What is the value of -603 - -601 - (2 + 1)?
-5
Evaluate -4 - (4 - (-5 - (2 + -38 + 2))).
21
Calculate -12 + 19 + (13 + -6 - 4).
10
Evaluate 26 - 16 - (-10 - -23).
-3
What is the value of -1 + (14 - 15 - (4 - 11))?
5
What is 45 + (48 - 97) - (12 + -1)?
-15
Calculate -9 + 2 + 0 - (-224 - -209).
8
-3 + (-3 - ((5 - 1) + -24 + 18))
-4
What is the value of -24 + 32 + (6 - 20)?
-6
Evaluate 13 + (-14 - ((-19 - -8) + 9)).
1
Evaluate (-4 - (8 - 7)) + 2 - (-14 + 2).
9
What is the value of (-8 - 23) + 20 - (1 - 15)?
3
Calculate -12 + -7 + 8 + 10.
-1
What is -20 + (-28 - (25 - 54))?
-19
What is -36 - ((-28 - -10) + -4)?
-14
19 - (-11 + 29 + 2)
-1
Evaluate -8 + -19 + 12 + -4.
-19
Evaluate -8 - (-21 + 22 + -13).
4
What is 0 + -1 + (22 - (53 + -32))?
0
Calculate 4 - (-18 + 11 + 29).
-18
What is -48 + 50 - (4 - 2 - 9)?
9
What is the value of (-5 - 5) + -31 + 51 + -14?
-4
Evaluate 4 + (-2 - 3 - -8) - (14 + -3).
-4
Calculate 9 + -1 + -4 - 7 - (-1 - 3).
1
14 + (11 + -23 - (-6 + -15))
23
Calculate (8 - (0 + -5 + -85 + 91)) + 7.
14
Calculate (-1 - 8) + (-2 - (8 - 10)).
-9
Evaluate (5 - (0 - 9)) + (12 + -29 - -24).
21
What is the value of -11 - (-39 - -40 - (-4 + 11))?
-5
Calculate 1 - -4 - (-82 - -101 - (30 - 4)).
12
Evaluate 0 - (-9 + 1 + 19) - -18.
7
Calculate -6 + (39 - (-17 + 51)).
-1
Calculate -25 + (25 - -2) - (-2 - (-4 - 3)).
-3
What is 9 - (-16 + -15 + 14 + 9)?
17
Calculate 7 - ((-8 - -33) + -1 + -3).
-14
What is the value of 6 + (3 - (1 + -1)) + -1 + 4?
12
Calculate -9 + (-5 + 5 - -15) - -25.
31
Evaluate 1 - (5 - (3 - ((-3 - -10) + -7))).
-1
What is the value of -6 - 4 - (9 - 7)?
-12
Calculate (-21 - (111 - 128)) + (1 - 31).
-34
0 - (7 - 1) - (-28 - -18) - 4
0
Calculate -10 - ((32 - (9 - 0)) + -7).
-26
What is the value of 1 - 4 - (-12 + -10)?
19
25 + (10 - (6 - 8) - 10 - -5)
32
Calculate 15 + -8 - (24 - (6 + -10)).
-21
What is -7 + (40 - 13 - 13)?
7
What is 34 + 1 - (141 + -124)?
18
(28 + -35 - -7) + -14
-14
(5 + -2 - (8 + -2)) + -110 + 112
-1
W